 45 - 35. Let n = -26 - -44. What is the remainder when s/(-14)*-125 + 4/(-14) is divided by n?
17
Suppose -263 - 92 = c - 4*h, -3*c = -3*h + 1110. Let p = c - -736. What is the remainder when p is divided by 52?
49
Let a = 372 - 372. Suppose a = 19*k - 5*k - 1204. What is the remainder when k is divided by 18?
14
Suppose k = -4*i + 745, -k = 4*i - i - 559. Suppose -c + 0*m - 9*m + 5*m = -21, -m = 4*m. Calculate the remainder when i is divided by c.
18
Suppose 56*r - 1177 = 45*r. Let i = r - 103. Calculate the remainder when 10 is divided by i.
2
What is the remainder when 90 is divided by (-28)/(17 - 10) - -20?
10
Let x(m) = m**3 + 75*m**2 - 155*m + 11. What is the remainder when x(-77) is divided by 67?
21
Suppose 9*v = 22*v - 52. Suppose -34*n - 101 = -2*x - 35*n, -5*x - v*n = -248. What is the remainder when 192 is divided by x?
36
Suppose 56*b + 38*b - 24*b = 630. What is the remainder when 386 is divided by b?
8
Let j = -18278 + 18548. What is the remainder when 836 is divided by j?
26
Let q(s) = s**2 + 90*s + 1455. Let a = 101 + -69. What is the remainder when q(-71) is divided by a?
10
Suppose 5*m + 4*p - 16 = 0, -5*m + 5*p = -8*m + 20. Suppose 104*t - 98*t - 90 = m. Calculate the remainder when 42 is divided by t.
12
Suppose -5*r + 769 = 2*b, -57*b + 60*b - r = 1230. What is the remainder when 1109 is divided by b?
295
Calculate the remainder when (-13 - -10) + -4 - -334 is divided by (-205)/(-10)*(-4)/(-2).
40
Let u = 140 - 146. What is the remainder when 1/(1/91 - 0) is divided by (6*32/u)/(-1)?
27
Let l = 101 - 113. What is the remainder when 304 is divided by (-8 - -41)*l/(-18)?
18
What is the remainder when 4106 is divided by (11 - 12)/(6/(-156))?
24
Let n = 12386 + -12274. Suppose -9*j + 250 = -4*j. What is the remainder when n is divided by j?
12
Let b = -40 + 65. Let j(s) = -12*s - 34. Let u(o) = o**3 + 28*o**2 - 4. Let f be u(-28). Calculate the remainder when b is divided by j(f).
11
Let s(j) = -42*j**2 + 388*j + 38. What is the remainder when s(9) is divided by 79?
49
Suppose 25*j - 1054 = 8*j. Suppose -4*q + 42 = -2*k, 0*q - 4*q - 2*k + j = 0. Calculate the remainder when q is divided by 8.
5
Let r(a) = -6*a - 126. Let y be r(-24). Suppose y*o = 24*o - 408. Calculate the remainder when o is divided by 12.
8
Let f be (5/3 - 2)*12. Let h = f - -103. Suppose -q + 25 = -0*q. Calculate the remainder when h is divided by q.
24
Suppose -8 = 2*b - 2*v, -3*b - 7*v + 20 = -2*v. Suppose -72 = -b*s - s. What is the remainder when s is divided by 169 + -164 - (2/5 + (-102)/5)?
22
Let j(t) = t**2 - 22*t + 23. Let b be j(21). Let l = 22 - 15. Calculate the remainder when (8/4)/(b/7 - 0) is divided by l.
0
Suppose 4*j + 112 = 4*t, 2*j + 4*t + 17 + 39 = 0. Let c = 1 - j. Calculate the remainder when 68 is divided by c.
10
Let k be 12/9*(-903)/(-14) - -1. Suppose k - 12 = 25*j. What is the remainder when 90 is divided by j?
0
Let i = -574 - -575. Calculate the remainder when 421 is divided by i.
0
Suppose u + 29*u = 3450. Suppose -5*j + 329 = 3*x - 0*j, -x + j = -u. What is the remainder when x is divided by 19?
18
Suppose -394 = -15*p + 11*p - 3*u, -497 = -5*p - 3*u. What is the remainder when p is divided by 83?
20
Suppose u = 3*n - 25, -5*u - 7 = 5*n - 42. Let b(x) = -n*x**2 - 11*x + 19 + 0*x**3 + x**3 + 0*x**2 + 21*x. Calculate the remainder when 11 is divided by b(6).
4
Let j = -3943 - -4357. Calculate the remainder when j is divided by 105.
99
Let m(y) = y - 17. Let g(o) = -1. Let r(s) = 4*g(s) - m(s). Suppose 2*z + 5*n - 76 = 4*n, -2*n + 38 = z. What is the remainder when z is divided by r(0)?
12
Suppose 68*n - 3076 - 460 = 0. What is the remainder when 2596 is divided by n?
48
Let v(l) = 66*l**3 + l**2 + l - 1. What is the remainder when (((-129)/(-15))/(32/120))/((-2)/(-8)) is divided by v(1)?
62
Let m(t) = -t**3 - 3*t**2 - 2*t + 2. Let y be m(-2). Suppose 3*x - y*i - 2030 = 0, -8*x + 5*x = -i - 2032. Calculate the remainder when x is divided by 17.
15
Suppose 3*f - 3*h - 48 = 0, -2*f + 30 = 5*h + 5. Let v = 9 + 1. What is the remainder when f is divided by v?
5
Let k be -3 + (-8)/(-2) + -5. Let d(z) = -23*z - 1. Let r(s) = -11*s - 1. Let l(p) = -3*d(p) + 7*r(p). Calculate the remainder when l(k) is divided by 10.
8
Suppose -h = -5*v + 11, 4*v + 1610 - 1590 = 4*h. Let w = 16 - -44. Calculate the remainder when w is divided by h.
6
Let h(d) = -29*d + 33. Let v be h(4). Let m = v + 85. Calculate the remainder when 110 is divided by ((-8)/m)/4 + 20.
15
Let w = -61 - -67. What is the remainder when 207 is divided by (-1 - -54) + (-1 + 1)/w?
48
Suppose -3*h - 226 = -5*h. Let b = 24 + 33. Calculate the remainder when h is divided by b.
56
Suppose -806 = -116*x + 704 - 350. What is the remainder when 2227 is divided by x?
7
Let u = -91 - -192. Suppose -w - s = -0*w - 37, s = -3*w + u. Let d = -23 + 40. What is the remainder when w is divided by d?
15
Suppose 1064 = -20*v + 58*v. What is the remainder when 101 is divided by v?
17
Let u be (-19)/(-95) + 6453/(-15). Let l = -399 - u. Calculate the remainder when 40 is divided by l.
9
Suppose 0 = z + 4*o - 79, 0 = 2*z - 45*o + 47*o - 116. What is the remainder when 759 is divided by z?
45
Let m(p) = 7*p**2 + p - 2. Suppose 0 = 31*w - 5578 + 4121. Calculate the remainder when w is divided by m(-2).
23
Suppose 281*f - 15108 = 269*f. What is the remainder when f is divided by 6?
5
Let o(l) = -l**3 - 5*l**2 + 2*l - 20. Let y be o(-6). Suppose 34*c - f = 39*c - 66, 5*c + y*f - 54 = 0. What is the remainder when 234 is divided by c?
10
Suppose -11*h + 8*h - 9975 = -24*h. Let m = -8 + 22. What is the remainder when h is divided by m?
13
Let y(o) = -14*o**2 + 55*o + 1. Let v be y(4). Let n(u) = -50*u - 139. Calculate the remainder when 537 is divided by n(v).
9
Suppose 3181*h - 3154*h - 56565 = 0. Calculate the remainder when h is divided by 697.
4
Let a(q) = -133*q - 186. Let b be a(-3). What is the remainder when 4/(-9 - -21)*b is divided by (0 - (-12 + -2)) + -2?
11
Suppose 5 = 4*s - 3. Suppose 24 = s*z - 422. Suppose 2*v = 38 - 8. What is the remainder when z is divided by v?
13
Let z be (15/2)/(-5)*-2. Calculate the remainder when ((-24)/(-10))/(z/10) + -3 is divided by (-1)/9*-2 + 80/45.
1
Let v = -1242 - -878. Let a = v + 423. Calculate the remainder when a is divided by 10.
9
Let x be (27/36)/((-12)/(-1328)). Suppose -4*w = 2*d + 20 - 82, 0 = 3*d - 4*w - x. Calculate the remainder when 171 is divided by d.
26
Let q = 6439 - 6382. What is the remainder when 314 is divided by q?
29
Suppose 3*v - 76 = -5*a, 5*v = 59 - 74. What is the remainder when 1968 is divided by a?
13
Suppose 5*d + 52*i + 176 = 0, 5*d + 140*i = 142*i + 256. Calculate the remainder when (-6)/(-9) - 229/(-3) is divided by d.
29
Suppose -175*q = -173*q - 5*g - 82, q + g - 27 = 0. What is the remainder when 718 is divided by q?
5
Suppose 3*r = 8*k - 7*k + 896, -r - 4*k + 290 = 0. Calculate the remainder when r is divided by 105.
88
Let k(o) = -o**2 - 223*o - 7840. Calculate the remainder when k(-175) is divided by 172.
44
Let q(f) = f**2 - 17*f + 68. Let y be q(9). Calculate the remainder when 205 is divided by (-19)/y*(-232)/(-58).
15
Let c = 286 + -387. Let m = 211 + c. What is the remainder when m is divided by 19?
15
Let j(h) be the first derivative of -h**3/3 + 7*h**2 + 10*h - 9. Let y(q) be the first derivative of j(q). What is the remainder when y(2) is divided by 7?
3
Let n(m) = 86*m - 1013. What is the remainder when 3666 is divided by n(12)?
18
Suppose -2*r + 7073 = -2*j + 1409, 0 = -r + 3*j + 2844. Calculate the remainder when 5654 is divided by r.
2
Let q(v) be the second derivative of 15*v**4/4 + 4*v**3/3 - 9*v**2/2 - 22*v. What is the remainder when 482 is divided by q(1)?
42
Let o be -46 + 53 - 1*5. Suppose -292 = -4*x - 4*n, -141 = -o*x + 37*n - 34*n. What is the remainder when x is divided by 36?
0
Let c = -44 - -83. Suppose c - 31 = 4*v. What is the remainder when 128 is divided by (v/17 - (-75)/85)*13?
11
Let v = -5458 + 6608. What is the remainder when v is divided by 570?
10
Let u(s) = 15*s**2 + 2*s + 1. Suppose 1103*g - 1095*g = 1000. Calculate the remainder when g is divided by u(-1).
13
Let m = 36841 + -36798. What is the remainder when 2/(-3) + 623/3 is divided by m?
35
Suppose 3*o - 55 = -2*o. Let